
What are the prime factors of 532316?
2, 73, 1823
List the prime factors of 560853.
3, 101, 617
What are the prime factors of 158395?
5, 79, 401
List the prime factors of 1310597.
29, 43, 1051
List the prime factors of 140175.
3, 5, 7, 89
List the prime factors of 9241359.
3, 41, 75133
List the prime factors of 1502452.
2, 7, 23, 2333
List the prime factors of 2650622.
2, 13, 97, 1051
List the prime factors of 8749140.
2, 3, 5, 145819
List the prime factors of 861045.
3, 5, 137, 419
List the prime factors of 5686.
2, 2843
What are the prime factors of 82037?
82037
List the prime factors of 291386.
2, 89, 1637
What are the prime factors of 1141428?
2, 3, 73, 1303
List the prime factors of 4951174.
2, 2475587
What are the prime factors of 30446643?
3, 17, 109, 5477
What are the prime factors of 190803?
3, 63601
What are the prime factors of 79032?
2, 3, 37, 89
What are the prime factors of 1145023?
11, 9463
What are the prime factors of 79280?
2, 5, 991
List the prime factors of 1619492.
2, 7, 57839
List the prime factors of 14491360.
2, 5, 13, 6967
What are the prime factors of 905674?
2, 7, 11, 5881
What are the prime factors of 6164448?
2, 3, 157, 409
List the prime factors of 6300829.
17, 97, 3821
List the prime factors of 28612073.
7, 4087439
List the prime factors of 13128930.
2, 3, 5, 17, 8581
List the prime factors of 2477897.
109, 127, 179
List the prime factors of 37358079.
3, 11, 1132063
List the prime factors of 133432.
2, 13, 1283
List the prime factors of 776899.
776899
What are the prime factors of 4636532?
2, 19, 61007
What are the prime factors of 32665939?
43, 759673
List the prime factors of 210623.
7, 30089
List the prime factors of 319257.
3, 19, 1867
What are the prime factors of 932458?
2, 131, 3559
What are the prime factors of 195943?
11, 47, 379
What are the prime factors of 1536350?
2, 5, 30727
What are the prime factors of 12115348?
2, 7, 61813
List the prime factors of 20985821.
23, 29, 73, 431
What are the prime factors of 2721733?
7, 503, 773
List the prime factors of 1513822.
2, 59, 12829
List the prime factors of 950476.
2, 237619
What are the prime factors of 9425180?
2, 5, 471259
List the prime factors of 5480895.
3, 5, 7, 7457
What are the prime factors of 197330?
2, 5, 7, 2819
List the prime factors of 333086.
2, 13, 23, 557
What are the prime factors of 739997?
433, 1709
What are the prime factors of 16204179?
3, 17, 317729
List the prime factors of 1784318.
2, 892159
What are the prime factors of 4477619?
4477619
List the prime factors of 2527752.
2, 3, 105323
What are the prime factors of 138527?
83, 1669
What are the prime factors of 413654?
2, 206827
What are the prime factors of 2693193?
3, 19, 37, 1277
What are the prime factors of 19468207?
11, 43, 79, 521
What are the prime factors of 30566001?
3, 53, 192239
List the prime factors of 385356.
2, 3, 17, 1889
What are the prime factors of 1148?
2, 7, 41
What are the prime factors of 8199698?
2, 13, 315373
What are the prime factors of 411505?
5, 82301
What are the prime factors of 324784?
2, 53, 383
List the prime factors of 16938894.
2, 3, 7, 47, 8581
List the prime factors of 410641.
7, 11, 5333
What are the prime factors of 10359394?
2, 31, 167087
List the prime factors of 183875.
5, 1471
List the prime factors of 2834809.
73, 38833
What are the prime factors of 1236157?
13, 95089
List the prime factors of 316614.
2, 3, 52769
What are the prime factors of 1529363?
11, 139033
List the prime factors of 1939039.
1939039
What are the prime factors of 633531?
3, 211177
List the prime factors of 369781.
53, 6977
What are the prime factors of 7642953?
3, 849217
What are the prime factors of 151774?
2, 7, 37, 293
What are the prime factors of 15903951?
3, 7, 757331
What are the prime factors of 564143?
163, 3461
What are the prime factors of 78925?
5, 7, 11, 41
What are the prime factors of 1071563?
1071563
What are the prime factors of 10500542?
2, 13, 403867
What are the prime factors of 644535?
3, 5, 14323
List the prime factors of 2356459.
7, 48091
List the prime factors of 610561.
7, 87223
What are the prime factors of 13081821?
3, 71, 61417
List the prime factors of 303420.
2, 3, 5, 13, 389
What are the prime factors of 698780?
2, 5, 34939
What are the prime factors of 1440083?
131, 10993
What are the prime factors of 64020?
2, 3, 5, 11, 97
What are the prime factors of 7204581?
3, 800509
List the prime factors of 240271.
240271
List the prime factors of 2741997.
3, 913999
What are the prime factors of 7348881?
3, 41, 59747
List the prime factors of 46216.
2, 53, 109
List the prime factors of 2656216.
2, 17, 19531
List the prime factors of 228666.
2, 3, 23, 1657
List the prime factors of 310660.
2, 5, 7, 317
What are the prime factors of 654406?
2, 327203
What are the prime factors of 215794?
2, 107897
List the prime factors of 8111690.
2, 5, 67, 12107
What are the prime factors of 32186266?
2, 7, 19, 121001
What are the prime factors of 1143388?
2, 197, 1451
List the prime factors of 1399315.
5, 279863
List the prime factors of 13886407.
3469, 4003
What are the prime factors of 10444114?
2, 5222057
What are the prime factors of 4892990?
2, 5, 489299
What are the prime factors of 141460?
2, 5, 11, 643
What are the prime factors of 205383?
3, 223, 307
What are the prime factors of 411250?
2, 5, 7, 47
List the prime factors of 1441095.
3, 5, 191, 503
What are the prime factors of 14914680?
2, 3, 5, 11, 11299
What are the prime factors of 1381335?
3, 5, 17, 5417
List the prime factors of 8599649.
8599649
What are the prime factors of 14738257?
263, 56039
List the prime factors of 150504.
2, 3, 6271
What are the prime factors of 4219834?
2, 181, 11657
List the prime factors of 6435455.
5, 13, 181, 547
List the prime factors of 145695.
3, 5, 11, 883
List the prime factors of 1793051.
13, 137927
What are the prime factors of 16156404?
2, 3, 11, 3709
List the prime factors of 153119.
17, 9007
What are the prime factors of 4155687?
3, 389, 1187
What are the prime factors of 1229687?
29, 42403
List the prime factors of 3932202.
2, 3, 17, 19, 2029
List the prime factors of 9562720.
2, 5, 59, 1013
List the prime factors of 574515.
3, 5, 17, 751
What are the prime factors of 1343931?
3, 347, 1291
What are the prime factors of 6164018?
2, 7, 19, 23173
What are the prime factors of 136164?
2, 3, 7, 1621
List the prime factors of 4930515.
3, 5, 109567
What are the prime factors of 1286227?
1286227
List the prime factors of 1557102.
2, 3, 259517
List the prime factors of 9168760.
2, 5, 47, 4877
List the prime factors of 5350747.
103, 51949
What are the prime factors of 31933?
11, 2903
What are the prime factors of 10545824?
2, 329557
List the prime factors of 14163036.
2, 3, 1180253
What are the prime factors of 1088162?
2, 31, 17551
List the prime factors of 920615.
5, 101, 1823
What are the prime factors of 2771364?
2, 3, 157, 1471
List the prime factors of 2427555.
3, 5, 13, 59, 211
List the prime factors of 1094915.
5, 23, 9521
What are the prime factors of 172387?
19, 43, 211
List the prime factors of 1366454.
2, 43, 15889
List the prime factors of 12284018.
2, 229, 26821
List the prime factors of 372939.
3, 7, 43, 59
List the prime factors of 10179280.
2, 5, 127241
List the prime factors of 4751669.
13, 365513
List the prime factors of 367137.
3, 19, 113
List the prime factors of 124574.
2, 199, 313
List the prime factors of 142752.
2, 3, 1487
What are the prime factors of 17720973?
3, 1968997
What are the prime factors of 3536591?
467, 7573
List the prime factors of 1238482.
2, 7, 88463
What are the prime factors of 6787967?
23, 295129
List the prime factors of 291787.
431, 677
What are the prime factors of 15987479?
15987479
What are the prime factors of 289238?
2, 17, 47, 181
What are the prime factors of 14721795?
3, 5, 11, 29741
List the prime factors of 1197281.
1197281
List the prime factors of 2261994.
2, 3, 7, 53857
What are the prime factors of 338768?
2, 31, 683
List the prime factors of 8971469.
13, 29, 53, 449
What are the prime factors of 1823742?
2, 3, 33773
List the prime factors of 816419.
179, 4561
What are the prime factors of 5403446?
2, 2701723
List the prime factors of 32555363.
31, 157, 6689
List the prime factors of 310503.
3, 29, 4